0*z**3 + 7*z - 3 - 162*z**2. Suppose -5*l - 29 = 5*c - 9, -2*l + 28 = -4*c. Determine m(c).
-9
Let w(z) = -3 + 0*z**2 - 3*z**2 + z**2 - 3*z. Let s(g) = -4*g**2 + 198*g - 197. Let r be s(1). Give w(r).
-12
Let v(w) = w**3 - 19*w**2 + 19*w + 17. Suppose 77 = 17*h - 0*h - 229. Determine v(h).
35
Let v be (4/(-3)*9)/(-2). Let t(k) = -v*k + 3*k + 33*k - 16*k. Calculate t(3).
42
Let p(u) = u**3 + 6*u**2 - 9*u - 9. Let v(o) = 15*o - 87. Let z be v(7). Let h = z - 25. Give p(h).
5
Suppose -4*c + 14*c - 20 = 0. Let z(v) = -c*v**2 + v**2 - 3*v + 4 + 3*v + 4*v. What is z(4)?
4
Let z(w) be the third derivative of -w**4/24 + 19*w**3/6 - 9*w**2 - 4. Determine z(12).
7
Let u(o) = o + 9. Let a be u(-6). Suppose 2*s + 15 = a*l + 4*s, s - 15 = -3*l. Let f(g) = 4*g**3 + 7*g**2 + 4 - 3*g**2 - l*g**3. Give f(3).
13
Let u(m) be the second derivative of -m**5/20 + m**4 - 7*m**3/6 + 19*m**2/2 - 292*m. Give u(12).
-65
Let n(u) = 3 - 2*u**2 + 4*u**2 - 6 + 2. Let f be -3*4/((-20)/(-15)). Let c be (-2)/(-6) + (-1)/(f/(-12)). Give n(c).
1
Suppose 0 = -4*j + 4*t + 9 + 31, 20 = 2*j - 5*t. Let c(q) = q**2 + 23*q + 15. Let r be c(-23). Let d(b) = -48*b + r*b + 19*b + 3 + j*b. Determine d(2).
-5
Let l(p) = p**2 + 9*p + 13. Suppose 98*k - 28*k + 24*k + 564 = 0. Give l(k).
-5
Let p(i) = i**2 + 20*i + 18. Let q be (-114)/15*115/46. Determine p(q).
-1
Let d(r) = r**2 - 7*r + 16. Let h be d(4). Suppose 3*t = h*t - 3. Let f(y) = -t + 2*y + 4 + 3 - 2. Determine f(-2).
-2
Let c(n) be the first derivative of n**4/12 - 2*n**3/3 + 2*n**2 - 68*n + 47. Let j(o) be the first derivative of c(o). What is j(5)?
9
Suppose -169 - 246 = -83*q. Let y(u) = -6*u + 22. Calculate y(q).
-8
Suppose 6*q = -2 - 4. Let c(w) be the first derivative of -2*w**4 + w**3/3 + w**2/2 - w - 221. What is c(q)?
7
Let a(h) = 2*h**2 - 5*h - 5. Let g be (-9)/((-72)/(-10)) - 1/(-4). What is a(g)?
2
Let r be 8/6*(-30)/(-40)*55. Let x = 53 - r. Let b(a) = 3 - a + 4*a + 3*a**2 + a. Determine b(x).
7
Let z(u) be the first derivative of 1/2*u**2 + u**3 + 1/12*u**4 - 3*u + 7. Let h(p) be the first derivative of z(p). Give h(-4).
-7
Let c(o) be the second derivative of 7*o**3/6 + 119*o**2/2 + 3425*o + 2. Calculate c(-18).
-7
Suppose -5*x = y - 3*y - 1, -2*x + 10 = 0. Suppose 9*b + 24 = y*b. Let u(f) = f**2 - 9*f + 9. Determine u(b).
1
Let b be -6 + (-1 - -14) + -7. Let z(i) be the third derivative of 4*i**2 + 1/24*i**4 + 3/2*i**3 + 0 + b*i. Calculate z(0).
9
Let n(b) be the first derivative of b**4/4 + 8*b**3/3 + 4*b**2 - 11*b + 919. Determine n(-8).
-75
Suppose 6*j = 3*j + 111. Let n = -36 + 4. Let c = j + n. Let o(h) = h + 3. Calculate o(c).
8
Let g(n) = 5*n + 132. Let f be g(-26). Let w(y) = 2 - 34*y + 0 - y**f + 40*y. What is w(7)?
-5
Let o(v) be the first derivative of -v**4/2 - 13*v**3/3 - 5*v**2 + 4*v - 8527. Calculate o(-5).
-21
Suppose 2*n = -3*i + 13, -5*n - 2*i + 7*i = 5. Suppose 3*h - 12 = -0. Let a(c) = 12*c - h*c**2 - c**3 + 13 - 2 - 10*c**n + 4*c**2. Determine a(-11).
0
Suppose 354 = -13*n + 406. Let g(z) = -11*z + 3. Determine g(n).
-41
Let h(y) = 384*y + 615*y - 992*y + 51 - y**2. Determine h(0).
51
Let q be (2 + -1)/((-582)/290 + 2). Let f = 145 + q. Let j(n) = n - 3. What is j(f)?
-3
Let m(h) be the second derivative of h**5/10 - h**4/12 - 3*h. Let u(x) = -x - 21. Suppose 9*f - 3 + 201 = 0. Let g be u(f). What is m(g)?
1
Let x(k) = -2*k + 2. Let m be ((-6)/2)/((-12)/272). Let y = 359 - 424. Let t = y + m. Determine x(t).
-4
Let n(u) be the third derivative of -u**5/60 - 7*u**4/12 - 8*u**3/3 + 3729*u**2. What is n(-2)?
8
Let w(d) be the first derivative of -d**3/3 + 5*d**2/2 - 27*d - 10565. Give w(5).
-27
Let o(j) be the first derivative of -1/2*j**2 + 5 + 3*j. Let u(l) = -l**3 - 5*l**2 - 6*l - 3. Let g be u(-4). What is o(g)?
-2
Let w(a) = 3*a**3 - 29*a**2 - 38*a - 7. Let j(o) = o**3 - 10*o**2 - 14*o - 2. Let t(b) = -11*j(b) + 4*w(b). Let u be -10 + 12 + 5 + -1. Calculate t(u).
6
Let s = -58 - -64. Let l(y) = -4*y**3 + 13*y**2 - 5*y - 11. Let a(x) = 7*x**3 - 24*x**2 + 11*x + 20. Let v(z) = -3*a(z) - 5*l(z). Calculate v(s).
-17
Let l(d) be the second derivative of -d**5/20 - 5*d**4/3 - 10*d**3/3 - 3*d**2/2 + 30*d - 6. What is l(-19)?
16
Let j(h) be the second derivative of h**5/20 - 7*h**4/12 + 5*h**3/6 - 3*h**2/2 + h - 87. Suppose 2*l - 8 = -2*l. Let w be (4 + l)*(-2 + 3). Give j(w).
-9
Let j(a) = -155 + 12*a + 118 - 19*a. Let y be j(-5). Let w(d) = 2*d**2 + 4*d + 3. Give w(y).
3
Let x(h) = -h**2 - 4*h + 19. Let a be -5*(-1 - (-5 + 5)). Let d(m) = -2*m**2 - 8*m + 34. Let w(r) = a*x(r) - 3*d(r). Determine w(-4).
-7
Let w be (0 - 3)/1*-1. Let p = w + -3. Let m(z) = -z**2 + 1 + 7*z + 22*z - 41*z + 13*z - 1. Determine m(p).
0
Let h be 459/(-204)*(0 + 0 - 4). Let v(j) = -j**2 + 7*j + 10. Determine v(h).
-8
Suppose 346*w - 351*w + 20 = -5*n, -4*w = 2*n - 28. Suppose 5*a = -0*a + 10. Let v(d) = 2*d + a + 2*d + 0*d - 5*d. What is v(w)?
-4
Let s(r) = r - 3. Let y be s(5). Suppose -8 = -y*p + 4. Let t(o) = 166 - 351 + 65*o + 174 - 64*o. Calculate t(p).
-5
Let f(y) = 3*y**2 - 2*y. Suppose 6*w - 32 = 10. Suppose 2*m - 4*l + 8 = 0, -w*l + 5*l + 10 = 2*m. Determine f(m).
8
Let o(q) = q**3 - 10*q**2 + 23*q - 230. Let t = 2916 - 2906. Give o(t).
0
Let j(d) be the first derivative of 112 + 4*d - 1/3*d**3 + 2*d**2. What is j(4)?
4
Let i(a) = -2*a**3 - a - 1. Suppose 9*m + 18 + 9 = 0. Let p(b) = -b**3 + b**2 - b + 1. Let s(u) = m*p(u) + i(u). Let v = -5 + 8. Calculate s(v).
2
Let n(j) = 22 - 21*j + 3*j**2 + 16 + 24 - 72. What is n(9)?
44
Let p(n) = -n + 3*n**2 + 35 - 37 + 4*n. Let b(o) = -o**2 - 10*o + 377. Let a be b(15). Give p(a).
16
Let p(o) be the third derivative of o**5/60 - o**4/12 + 2*o**3/3 + 22*o**2 + 8*o. Give p(2).
4
Suppose 5*g + 21 = 8*g - 5*y, 3*y = g - 11. Let k(h) = -76*h - 3 - g + 81*h. Determine k(3).
10
Let x(y) = -9*y**2 - 4*y + 0*y + 0*y + 513707 - 513702 + 10*y**2. Let t = 7 + -4. Calculate x(t).
2
Let g(z) be the second derivative of 2/3*z**3 + 0 + z**2 - 5*z. Let w(l) = -2*l - 6. Let v be w(-4). Give g(v).
10
Let c(x) = -7*x - 9. Let d(u) = 10*u + 13. Let h(o) = -7*c(o) - 5*d(o). Let a(l) = 9*l**3 + l**2 - 6*l - 2. Let w be a(-3). Let v = w - -214. What is h(v)?
2
Let r be (-28)/(-2) - (13 - (-18 + 36)). Let f(b) be the third derivative of b**6/120 - b**5/3 + 3*b**4/4 + 8*b**3/3 + 2*b**2 - 5. What is f(r)?
-3
Let o(w) = -w**3 - 7*w**2 - 5*w + 7. Suppose 399 - 315 = -4*h. Let x = h - -76. Let v = 49 - x. Calculate o(v).
1
Let r(w) = 29*w + 30*w + 28*w - 4 + 25*w - 118*w. What is r(-4)?
20
Suppose 775*j = 264*j + 1876 + 679. Let p(o) be the third derivative of 30*o**2 + 1/120*o**6 + o**3 - 1/12*o**j + 0*o + 0 + 0*o**4. Determine p(5).
6
Let h(s) = 9*s + 61. Suppose -552*z = -614*z - 496. Give h(z).
-11
Let z(r) = -r**3 + 14*r**2 + 39*r - 110. Let u be z(16). Suppose -5 = -2*y + y. Let p(c) = 8*c**3 + 2*c**3 - 4*c**3 + 5 - y*c**3 + 6*c**u. Give p(-6).
5
Let c(s) = -s + 6. Let f = -753 + 760. Suppose 2*d + 2 - f = y, -3*d - y = 5. Determine c(d).
6
Let q(a) = 728*a + 38. Let w(i) = -257*i - 12. Let p(b) = -6*q(b) - 17*w(b). What is p(-4)?
-28
Let a(y) = -11*y - 9. Let i be a(-1). Let n(k) = -13 + k + 12*k**i + 4 + 69*k**3 - 70*k**3. Give n(12).
3
Let s(i) be the first derivative of -27*i**2/2 - 186*i + 662. Give s(-7).
3
Let z(o) = -o**2 - 4*o + 6. Let i be -26 + ((-33)/(-11) - -14). Calculate z(i).
-39
Suppose 521*c + 178*c = 2097. Let p(r) be the third derivative of -3/8*r**4 + 0 - 5/6*r**c + 39*r**2 + 0*r - 1/30*r**5. Give p(-6).
-23
Let r(f) = f**2 + 5*f - 13. Let c = 2514 + -2512. What is r(c)?
1
Suppose 0 = 10*y + 7466 - 7526. Let r(x) = -x**2 + 3*x + 16. What is r(y)?
-2
Suppose -5*u = 3*r - 184, -u + 33 = 5*r - 259. Let g(b) = -9*b**2 + b - 4*b**2 - 1 - 103*b**3 + 44*b**3 + r*b**3. What is g(-13)?
-14
Let j(f) = -12*f**2 + 42*f - 693. Let o(m) = -5*m**2 + 21*m - 347. Let y(b) = 3*j(b) - 7*o(b). Give y(11).
-2
Let i(n) = -n**2 + 9*n - 9. Suppose -104 = 3*y - 2*l - 118, 4*y - 2 = 6*l. What is i(y)?
-1
Let l(i) = -3*i**2 - i + 4. Let s(n) = 17*n**2 + 6*n - 22. Let q(u) = 11*l(u) + 2*s(u). Let o(f) = f**3 - 13*f**2 + 13*f - 11. Let d be o(12). What is q(d)?
2
Let w(p) = p**2 - 10*p - 27. Let c be w(-3). Let d(z) = 5676 + c*z**2 - 5673 - 4*z**2 + 14*z - z**3 + 2*z**2. Determine d(11).
36
Let j(p) =